t b(f) = -4*q(f) + x(f). What is b(0)?
-5
Let f(h) = -h + 5. Let n be 1*6/((-72)/4)*3. Determine f(n).
6
Let z be 4/6 - 140/12. Let v = z + 8. Let a(k) = 7*k**2 + 10*k + 8. Let u(b) = -6*b**2 - 9*b - 7. Let i(f) = 5*a(f) + 6*u(f). Give i(v).
1
Let z(u) be the first derivative of -u**4/4 + u**2 - 311. Give z(2).
-4
Let u(p) = p + 1. Let j = 9 - 10. Let f be -10 + (-2 + 2)*j + 3. Determine u(f).
-6
Let t(f) be the first derivative of -28 - 4*f + 1/3*f**3 + 7/2*f**2. Determine t(-5).
-14
Let y(a) = -5*a**2 - 4*a + 21. Let g(l) = l**2. Let k(s) = -4*g(s) - y(s). Let u(d) be the first derivative of k(d). Determine u(-7).
-10
Let m = 149 - 138. Let g(f) = 12*f**2 - 6*f - 3 + 0 - m*f**2. Determine g(7).
4
Let w(c) = 41*c + 16 - 14*c - 8*c - 12*c - 6*c. Give w(11).
27
Let w(f) = f**2 - 5*f + 3. Suppose 8 + 17 = -g. Let v = g - -28. Give w(v).
-3
Suppose 0 = 2*w + 5*a + 1, -13 - 24 = -4*w + 3*a. Suppose -4*l = -11 + 3. Let u(x) = -5*x - l + w - 1. Calculate u(3).
-11
Let t(a) = -a**2 - 11*a - 8. Let u(b) be the first derivative of b**3/3 + 5*b**2 + 7*b - 16. Let m(p) = 5*t(p) + 6*u(p). What is m(-4)?
-2
Let i(b) = -b + 17*b**3 + 0*b - 13*b**2 - 18*b**3 - 17 + 0*b**2. Determine i(-13).
-4
Let o(m) = 11*m**2 - m - 8. Let l(h) = -5*h**2 + 3. Let z(k) = 9*l(k) + 4*o(k). Calculate z(-4).
-5
Suppose 0 = c - 4*m + 17, 4*c + 3*m = -m + 12. Let r(i) be the second derivative of -i**3/2 + 112*i - 3. What is r(c)?
3
Let r be (-176)/(-33) + (-2)/6. Suppose -h = -r*h - 16. Let y(o) = -o**3 - 3*o**2 + 3*o + 3. Let s be y(h). Let v(b) = b**3 - 8*b**2 + 8*b - 4. Determine v(s).
3
Let v(q) = q**2 - 3*q - 11. Let i be v(5). Let c(f) = 15*f**2 + 1. Determine c(i).
16
Let q(x) = 3*x**2 + 2*x + 12. Suppose -7*d + 110 = 33. Let h(w) = 7*w + 0*w**2 + 0*w + 35 + 8*w**2. Let p(s) = d*q(s) - 4*h(s). Give p(7).
-1
Suppose 15 = -5*d - 2*f, -5*f = -8 - 17. Let b(a) = -9 - 9 + 18 - 5*a - 7. Give b(d).
18
Let i(u) = -5*u**3 - 16*u**2 + 16*u - 31. Let w(k) = k**3 + 3*k**2 - 3*k + 6. Let z(s) = 2*i(s) + 11*w(s). Determine z(-3).
-11
Let l(b) be the second derivative of b**3/6 - b**2/2 + 14*b - 4. Determine l(1).
0
Let y(j) = 4*j + 5*j**3 - 6*j**3 + 35*j**2 + 44*j**2 - 75*j**2 + 3 + 4. What is y(5)?
2
Let t be 200/60*54/15. Let z(d) = d**2 - 12*d - 2. Determine z(t).
-2
Let x(z) = 16 + 23 - 54 + 28 + z. Calculate x(-6).
7
Suppose -10 + 30 = -4*r. Let v = 8 + r. Let p(l) = l - 2 + 0*l + 2*l - 4*l**2 + v*l**2. Determine p(2).
0
Let u(l) = l**2 + 4*l. Suppose 5*k - 3*x + 30 = 0, 5*k - 8 = -4*x - 38. Give u(k).
12
Let i(y) = 7*y**3 + 2*y**2 - 16*y - 10. Let k(v) = -3*v**3 - v**2 + 6*v + 5. Let z(p) = -2*i(p) - 5*k(p). Calculate z(0).
-5
Let u(m) be the second derivative of 1/6*m**3 + 0 + m**2 - 14*m. Give u(4).
6
Suppose 1 + 3 = 2*q. Let l(u) = -3*u**q + 5*u**3 + 0*u**3 - 4*u**3 - 6*u + 2*u. Suppose -2*g - 12 = -5*g. What is l(g)?
0
Let x(i) = i**2 - 2*i - 1. Let p(s) = -6*s - 31. Let r be p(-8). Suppose -r = -3*v - 11. Calculate x(v).
-1
Let c(q) = q**2 + 7*q + 10. Let n = -7 + -1. Let a be c(n). Let w = 17 - a. Let j(l) = -7*l**3 + l**2. Calculate j(w).
8
Let s(p) = p**2 + 8*p + 7. Let n = 3 - -2. Suppose -i - 3*g = -2*i + 26, n*i - 70 = 3*g. Suppose i*x = 14*x + 18. What is s(x)?
-5
Let q be (1 + 14)*(-2)/(-6). Let m(y) = -9*y - 1. Calculate m(q).
-46
Let t(o) = -o**2 + 4*o. Let h be t(2). Let r(f) = h - 16*f - 17*f + 35*f + 0. Give r(-3).
-2
Let c be (-2)/3 + 158/237. Let q(z) = z - 9 + 3*z**2 - 5*z**2 + 3*z**2. What is q(c)?
-9
Let z(j) = 2*j + 12. Suppose -34 = 4*p + 2. Give z(p).
-6
Let o(m) = -13*m**3 - m**2 + 2*m - 1. Let c be (8 - 2)/(6 + -5). Let z be ((-4)/c)/(4/(-6)). What is o(z)?
-13
Suppose -5*o = -4*u - 26, 13 - 5 = -4*o - 4*u. Let s(m) be the first derivative of 1/2*m**o + 3 + 8*m. What is s(-5)?
3
Let d(i) be the first derivative of -i**4/4 - i**2/2 + 18*i + 35. Give d(0).
18
Let j(u) = 5 + 20*u + 6*u**2 - 15*u - u**3 - 13. Give j(6).
22
Let v(n) be the first derivative of -n**2/2 - 7*n + 17. Suppose -11*k + 16*k + 26 = -2*j, 0 = 2*j - 4. Calculate v(k).
-1
Suppose -5*n + 8 = -n. Let p(y) = -3 + 6 - 4*y**2 - 4*y + 5*y**2 + y**2. Give p(n).
3
Let k(o) = o**2 - 8*o. Let y be (2 - 4)/(-1*1/(-43)). Let m = y + 94. Give k(m).
0
Suppose 0 = 3*f + 3 - 0. Let j be -1 - (-2 + -2 - f). Let y(k) = -3 + 3 + k**j + k - 6 - 7*k. What is y(6)?
-6
Let b(u) = u**3 - 7*u**2 + 7*u - 1. Suppose -x - 3 = 0, a - x + 3*x + 4 = 0. Let c(h) = -1 + h**2 - 2*h**2 + 2*h + 2*h**2 - 1. Let j be c(a). Determine b(j).
5
Let b(u) = -u**3 - 11*u**2 + u + 15. Let a be b(-11). Let g = -21 - -23. Let c(l) = -a*l - 4*l + g*l + 5*l. Give c(5).
-5
Let w(v) = v**2 + 2*v - 3. Let t be w(-3). Let g(x) = -x**2 + 4*x. Let r(d) = -d + 1. Suppose i + 3*i = 4. Let c(n) = i*g(n) + 5*r(n). What is c(t)?
5
Let j(l) = -l**3 - 5*l**2 - 8*l - 13. Let p be j(-4). Let z(t) be the second derivative of 0 - 10*t + 0*t**2 + 1/6*t**4 + 1/6*t**p. Calculate z(-2).
6
Suppose 5*n + 3*m + 7 + 3 = 0, -4*m + 35 = -3*n. Let d(i) = 116*i + 3*i**2 + i**3 + 101*i - 224*i - 4. Give d(n).
-19
Let s(r) = -20*r**2 - 2*r - 1. Suppose 3*c - 17 = -4*g - 15, 4*g + 14 = 5*c. Calculate s(g).
-19
Let q(z) = -z**2 - 12*z - 8. Let p be q(-8). Suppose 8*x - p = 4*x. Suppose 14*w = 12*w + x. Let k(g) = -g**2 + g + 4. Calculate k(w).
-2
Let t(p) = 2*p**3 + 6*p**2 - 9*p - 30. Let s be t(-3). Let l(b) be the third derivative of b**5/60 + b**4/12 + 2*b**3/3 + 2*b**2. Determine l(s).
7
Let s(a) = 9*a - 11. Let q be (-1)/(-1)*(13 + -8). Let v(y) = -7*y + 10. Let t(x) = q*s(x) + 6*v(x). Give t(-4).
-7
Let g(s) = -s**2 - 5*s - 3. Suppose 0 = 3*u + 13 + 2. Calculate g(u).
-3
Let v(i) = i**3 + i**2 - 6. Let q(h) = h**2 - h. Suppose 10 = 6*t - 26. Let f(l) = t*q(l) - v(l). Calculate f(4).
-2
Let m(h) = 3*h - 4. Let w(l) = 45 - 99 - l + 49. Let p be w(-8). Give m(p).
5
Let d(s) = s**3 - 2*s**2 - s + 2. Let a(k) = 4*k**3 - 6*k**2 - 3*k + 6. Let l(n) = 2*a(n) - 7*d(n). Suppose 2*c - 22 = 13*c. Determine l(c).
-4
Let c(p) = -p**2 + 6*p + 8. Let n(r) = -2*r + 24. Let q be n(9). Give c(q).
8
Let m(n) be the first derivative of n**6/20 - n**4/24 + 37*n**3/3 - 29. Let t(b) be the third derivative of m(b). What is t(-1)?
17
Suppose -3*p + 5*q = -26, -4*q + 44 = -p + 4*p. Let g be (p/(-8))/(6/(-32)). Let d(h) = -h**3 + 7*h**2 + 10*h - 4. Give d(g).
12
Let q(i) be the third derivative of -i**6/120 + i**5/20 + i**4/4 - 2*i**3/3 + i**2. Let z be (-1 - 2)/(9/(-108)*9). Determine q(z).
4
Let t = 1271 - 1281. Let h(x) = -x - 10. Give h(t).
0
Let f = 61 + -59. Suppose 0 = -5*i - r + 5, i + f*r = 7*r - 25. Let l(b) = -b**3 + b - 7. Calculate l(i).
-7
Let b(p) = p**3 + 2*p**2 - 2*p + 1. Suppose 0 = -4*l - z - 49, 0 = -l + 4*l - 4*z + 13. Let s be (-1)/(-3 + (-32)/l). Let o = 13 - s. Give b(o).
13
Suppose 291 = -2*s + 309. Let q(k) = k**2 - 10*k + 7. Determine q(s).
-2
Let t be 1/(-1)*(8 + -10)/2. Let z(d) = -d - 3. Let c be z(-3). Let b(v) = c - 5*v - 1 + 2. Determine b(t).
-4
Let c(g) = -g**3 - g**2 + 12. Let d be -6*(-5)/75 - (-16)/10. Let s be (2 + -2 - 0)/d. Determine c(s).
12
Let i(s) be the third derivative of -s**5/30 - s**3/3 + 2*s**2 + 28*s. Calculate i(-3).
-20
Let d(s) = -s - 1. Let g be (420/(-25))/((-8)/(-60)). Let b be (-14)/(-4)*(-144)/g. What is d(b)?
-5
Let q(h) = -9*h**3. Suppose -5*c = -5*i - 6 - 24, 2*c = i + 8. Suppose d + 0 = 4*b + 5, -5*d + 3 = c*b. Let l = 0 - b. Give q(l).
-9
Suppose -16 = 3*f + 2*g, -g - 4 = -3*f + g. Let a = -5 - f. Let s(r) = -r + 1. Calculate s(a).
4
Let c(m) = -m**2 - 5*m - 3. Let f be (-6)/8 - (-178)/(-8). Suppose -232*n + 231*n + 20 = 0. Let b = n + f. What is c(b)?
3
Let t(q) be the second derivative of 0 - 2*q - 1/12*q**4 - 1/2*q**3 - 3/2*q**2. Let r(g) = 32*g + 124. Let l be r(-4). What is t(l)?
-7
Let r be (-2)/16 + (441/(-56) - -2). Let o(q) = -17*q - 30. Let p(z) = 8*z + 14. Let s(w) = r*o(w) - 13*p(w). Give s(6).
-14
Let h(b) = -9*b. Let n(p) = -19*p + 1. Let s(o) = -5*h(o) + 2*n(o). Let x(u) = -13*u - 3. Let d(z) = 5*s(z) + 3*x(z). What is d(-1)?
5
Let l(f) = -3*f - 1. Suppose 70 = 66*b - 76*b. What is l(b)?
20
Let o(n) = -12*n. Suppose 2*d = -3*y - 4, -y - 53 = 4*d - 55. Give o(y).
24
Let i(b) = -b**3. Suppose 0 = 2*t - 5*d - 33, 3*t - 3*d - 3 = 6*t. Suppose -3*v = t*j - 51 + 7, -2*j = 5*v - 92. Let m = v + -18. What is i(m)